third derivative of z**5/60 - 7*z**4/24 - 5*z**3/6 - 16*z**2. Give w(l).
-5
Suppose 0*h = 2*h - 12. Let a = 75 + -71. Let y(b) = a*b + 3*b + b**3 + 12 - 7*b**2 - 10 - 4. Determine y(h).
4
Let r(k) = -6*k - 97. Let s(n) = 2*n + 51. Let i(y) = -3*r(y) - 7*s(y). Determine i(18).
6
Let p be (-405)/(-54)*(-4)/(-12). Let n(v) be the first derivative of -1 - v - p*v**2. What is n(2)?
-11
Let v be (-3 + 4)/((-175)/45 - -4). Let w(i) = -2*i**3 - 11*i**2 - 4*i - 16. Let f(y) = -y**3 - 10*y**2 - 5*y - 15. Let d(h) = -3*f(h) + 2*w(h). Calculate d(v).
-5
Let w(d) = 5414 + 3*d - 2695 - 2697. Give w(-18).
-32
Let t(k) = -3*k**2 - 9*k - 11. Suppose 0 = -13*q + 5*q + 64. Let p(o) = -o**2 - 3*o - 4. Let u(l) = q*p(l) - 3*t(l). Calculate u(-4).
5
Let a(c) = 4*c - 4. Let w be a(5). Suppose 0 = -s - 4*v + w, 9 = 5*s - 4*v + 1. Let t(x) = -x**2 - s*x + 0*x**2 - 4 + 5. Give t(-3).
4
Let z(v) be the third derivative of -v**4/24 + v**3/2 - 26*v**2. Let l be z(-5). Let p(a) = 2*a - 9. Calculate p(l).
7
Let b(m) = -m**3 + 7*m**2 - 3*m - 4. Let j(u) = -3*u + 45. Let o be j(12). Suppose -6 = -10*p + o*p. Give b(p).
14
Let w(f) be the third derivative of 0*f + 1/60*f**5 - 2/3*f**3 + 5/24*f**4 - 17*f**2 + 0. Determine w(-5).
-4
Suppose -5*k = 5*b + 8 + 22, 5*b - 25 = 0. Let h be ((-6)/(-8))/(k/(-44)). Let p(a) = -a - 2 + 12 - h. Determine p(7).
0
Let j = -87 - -94. Let a(g) = -g**2 + 8*g - 10. Let f be a(j). Let l(t) = -t**3 - 3*t**2 - 2*t - 4. Give l(f).
2
Let z(d) be the third derivative of d**5/60 + d**4/24 + 5*d**3/6 + 120*d**2. Let q = -2 + 2. Calculate z(q).
5
Let v(s) = s**2 - 3*s - 3. Suppose -2*x + 5*x + 4*l = 169, 3*l - 53 = -x. Suppose -4*p - x = 13. Let k = -13 - p. Determine v(k).
7
Let y(l) = -2*l. Suppose 4*p + 97 = -5*v, -4*p + 0*p - 118 = -2*v. Let c = 33 + p. Calculate y(c).
-10
Let x = -125 - -124. Let u(o) be the first derivative of -o**5/24 + o**3/3 + 2. Let b(v) be the third derivative of u(v). Determine b(x).
5
Let y(j) be the first derivative of -2*j**2 - 2*j + 68. What is y(-4)?
14
Let i(m) = 4*m**2 - m + 1. Let s be i(1). Let h(b) = -2*b + 4. Let y(g) = -3*g + 7. Let k(r) = s*y(r) - 7*h(r). Let c = -461 - -459. Calculate k(c).
-4
Let b(g) = -g**2 + 2*g - 1. Let z(l) = l**3 + 10*l**2 + 16*l - 2. Let r be z(-8). Calculate b(r).
-9
Let r(m) be the first derivative of -m**7/840 - 7*m**6/360 - m**5/15 - m**4/4 - 11*m**3/3 - 21. Let k(i) be the third derivative of r(i). What is k(-6)?
6
Let x(k) = k**2 - 240*k - 982. Let f be x(-4). Let g(c) be the second derivative of c**4/6 + 5*c**3/3 + 3*c**2 + c. What is g(f)?
18
Let k be -1*2*(-3)/6. Let d(z) = z + 9. Let p(w) = 2*w + 2. Let r(i) = -d(i) + 5*p(i). Calculate r(k).
10
Let p(q) = -q**3 + 4*q**2 - q + 5. Let y be p(4). Let v(h) = -6 - 6*h + 2*h - y + h**2. Determine v(6).
5
Let s(u) = -36*u**2 + 22*u**2 + 15*u**2 - 12*u - 8. What is s(13)?
5
Let k(s) = s**3 + s**2 - s + 15. Let z(w) = -59*w + 472. Let f be z(8). Give k(f).
15
Let q(g) = -7*g**2 - 2*g + 1. Let f be 10 + -4 + (-12 - (-6 - -2)). Give q(f).
-23
Let d(v) be the second derivative of -1/2*v**4 - v**3 + 13*v - 1/20*v**5 - v**2 + 0. What is d(-4)?
-10
Let k(b) = -12*b + b + b**3 + 11*b**2 + 17 + b**2. Let p = -5772 + 5759. What is k(p)?
-9
Let j be 64 + 0/(-2)*14/28. Let u(f) = -j*f + 7*f**2 + 217*f - 68*f - 75*f - f**3 - 8. What is u(8)?
8
Let h be -6*3/((-45)/10). Let v be (-8)/(1 + (h - 7)). Let u(z) = z**2 - 6*z + 1. Determine u(v).
-7
Let k(a) = -13*a**3 + 5*a**2 - 12*a + 18. Let z(q) = 15*q**3 - 5*q**2 + 13*q - 21. Let d(x) = 7*k(x) + 6*z(x). Give d(5).
-30
Suppose d + 5*f - 162 = 0, d + d = -5*f + 329. Let k(y) = -2*y - 333 + 160 + d. Give k(-5).
4
Let z(p) be the first derivative of -p**5/60 + 7*p**3/6 + 23*p**2/2 - 3. Let j(g) be the second derivative of z(g). Calculate j(0).
7
Let y(t) = 2*t + 2. Let g be y(-2). Let x be 99/6 - 3/g. Suppose -a = 4*l + 22, -a + x = -4*l - 0*a. Let c(w) = 3*w + 4. Give c(l).
-11
Let r(t) = -6*t - 9*t - 7*t + 26*t + 2*t**2. Suppose 4*w + 20 = 4. What is r(w)?
16
Let u(i) = -4*i**2 + 8*i - 9. Let m(o) = 3*o**2 - 8*o + 8. Let a(t) = 3*m(t) + 4*u(t). Let c(n) = n**2 + 1. Let s(x) = -a(x) - 6*c(x). Determine s(7).
-1
Let o(w) = w**2 - 8*w + 4. Suppose 0 = 3*z - x + 19, -5*z - 3*x = -2*x + 29. Let q be ((-9)/z)/(3/8). Determine o(q).
-12
Let s(u) be the first derivative of -u**4/4 - 2*u**3/3 + 14*u - 203. Give s(0).
14
Let y(h) = h**2 + 2*h + 2. Let f(u) = -u**2 + 3*u + 7. Suppose -2*p - 3 - 9 = 0. Let a be (18/12)/(p/(-20)). Let n be f(a). Give y(n).
5
Let t(f) = -f + 8. Let q be (-6)/15 + (-74)/(-10). Suppose -4*k + 5*k = -5*r + q, 21 = 3*k + 5*r. What is t(k)?
1
Let u(x) = -x**3 - 7*x**2 + 2*x + 8. Let t be 13/((-65)/20)*(-7)/(-4). Calculate u(t).
-6
Let v(h) = 5*h + 7 + 13 - 2*h - 12. Give v(8).
32
Let t(j) be the first derivative of -j**2/2 + 4*j + 5. Suppose -15 = 4*z + 25. Let k be -1*(-2)/(-4)*z. Determine t(k).
-1
Let t = 12 - 48. Let u = -35 - t. Let r(c) = -7*c**2 + c. Calculate r(u).
-6
Let w(z) = -z - 8. Let r = -7 + 10. Suppose r*l - 9 + 12 = 0. Let y be ((-4)/(-2) - l) + -9. Give w(y).
-2
Let p(o) be the second derivative of 1/12*o**4 + 0 - 2*o**2 - 2/3*o**3 + 16*o. Calculate p(6).
8
Suppose r - 9 - 11 = 0. Suppose p = z - 5*z + 22, -p = -3*z + r. Let y(g) = -2*g + 1. Let l(j) = -j**2 + 15*j - 4. Let o(i) = l(i) + 4*y(i). Determine o(z).
6
Let n(p) = -p**2 + 6*p - 11. Let g be n(5). Let v(h) = -h - 14. What is v(g)?
-8
Let b(v) be the second derivative of -5*v**3/6 + 3*v**2/2 - 113*v. Calculate b(8).
-37
Suppose -5*h - s + 6*s = -40, -10 = 5*s. Let n(b) = 44 + 3*b**2 + b**3 - 47 + 0*b**3 - h*b. Give n(-4).
5
Let v(j) = -j + 11. Let w(u) = -u + 12. Let x(c) = -6*v(c) + 5*w(c). Let r = -108 - -96. Let i be ((-12)/8)/(3/r). What is x(i)?
0
Let j(b) = b**2 + 3*b + 1. Suppose 4*r - 34 - 14 = 0. Let y = -16 + r. Determine j(y).
5
Let f(g) = -3*g - 35. Suppose 2*q + 46 = -4*x, 0 = -5*q - 101 + 96. Give f(x).
-2
Let k(t) = 4*t - 1. Suppose 4*b - 9 = b. Let f(w) = 2*w**3 + 1 - 5*w + 6*w**2 - 2*w**2 - w**b. Let a be f(-5). What is k(a)?
3
Suppose 8 = 12*c - 10*c. Suppose -3*p = c*s - 51, -p - 31 = -3*s + 4*p. Let t be -3*3/s*4. Let q(o) = o**3 + 4*o**2 + 3*o + 4. What is q(t)?
4
Let k(q) be the third derivative of 3*q**4/4 - q**3/3 - 7*q**2 - q. Determine k(-3).
-56
Let s(n) be the first derivative of 5*n**4/4 - n**3/3 + n**2 - n + 1. Let h = -18 - -20. Suppose 4*f = -m + 1, -3*m + 5 = h*m - 2*f. Give s(m).
5
Let j(w) = 73*w**2 - 145*w**2 - 12*w + 73*w**2. Calculate j(12).
0
Let o(h) = 43*h - 23*h - 19 - 6 - 21*h. Calculate o(0).
-25
Let v(w) = 6. Let f be (-1 + 0)*(6 - 15). Suppose -6*x + f = -9*x. Let o(g) = g + 6. Let s(z) = x*o(z) + 4*v(z). Determine s(5).
-9
Let q be 5/(-2) + 1/2. Suppose -1 = -2*l + l. Let f(o) = -o**2 - 5*o**2 + 2*o + 2 - 2*o**3 - l + 4*o**2. Give f(q).
5
Let c = 8 + -2. Let g be c*(24/9 - 2). Let a(u) = 0*u**3 - 9*u + 2*u**3 - 6*u**2 + g + 4 - u**3. Give a(7).
-6
Let s(m) = -9*m - 20. Let d(y) = -2*y - 1. Let u(x) = -4*d(x) + s(x). Determine u(-16).
0
Let x(b) be the second derivative of -b**4/12 - 5*b**2/2 - 5*b + 3. Suppose -w - 5*m + 25 = 2, -2*w - 2*m = -14. Suppose 0 = -w*k - 0*k. What is x(k)?
-5
Let p(u) = -u**3 - 7*u**2 - 8*u - 9. Let f(o) = -o**2 + 7*o - 7. Let q be f(4). Suppose q*m = -42 + 12. Calculate p(m).
3
Suppose -2*r + 5*o + 24 = -0*r, 3*r = -5*o - 14. Let q be 2 + 1 - (r + -4 + -1). Let n(w) = w**2 - 4*w. Determine n(q).
12
Let l(a) = a**2 + 9*a - 9. Let i = -401 - -391. Give l(i).
1
Let z(s) = s**2 + 10*s + 1. Let q(p) = p**3 - 4*p**2 - 9*p + 11. Let y = -72 + 77. Let j be q(y). Calculate z(j).
-8
Let z be -3 + (-6)/(-3)*(-5)/5. Let m(c) = c**3 + 6*c**2 + 5*c + 7. What is m(z)?
7
Let j(l) = -5*l**2 - 20 + 3*l**2 + l**2 + 3*l + 18. Let d(v) = -6*v**2 + 15*v - 11. Let c(s) = -2*d(s) + 11*j(s). Determine c(-2).
-2
Let n be (100/(-3))/((-10)/30). Suppose -5*w - n = -5. Let v = w + 24. Let m(k) = -k**3 + 5*k**2 - 5. Calculate m(v).
-5
Let h(c) = -c**3 - 7*c**2 + 5*c + 12. Let u be h(-8). Let v = u + -33. Let t(i) = -i**2 + i + 3. What is t(v)?
-3
Suppose -5*v = 3*p - 26, 0*v + v - p = 2. Let a(u) = -u**3 - v*u + 2*u**3 - u + 8 + 6*u**2. What is a(-7)?
-6
Suppose -4*o + n = -3 - 2, 0 = -4*o - 2*n - 10. Let z = 10 - 8. Let m(x) = 2*x - 3 - x**z - 5*x + 3*x - x. W